{"id":6993,"date":"2021-10-09T07:46:07","date_gmt":"2021-10-09T07:46:07","guid":{"rendered":"https:\/\/birnbreier.de\/?page_id=6993"},"modified":"2024-12-21T10:51:14","modified_gmt":"2024-12-21T10:51:14","slug":"a_about-me-style-one","status":"publish","type":"page","link":"https:\/\/birnbreier.de\/?page_id=6993","title":{"rendered":"a_About Me Style One"},"content":{"rendered":"<p>[vc_row equal_height=&#8220;yes&#8220; desctop_mt=&#8220;margin-lg-40t&#8220; desctop_mb=&#8220;margin-lg-70b&#8220; tablets_mb=&#8220;margin-sm-45b&#8220; mobile_mb=&#8220;margin-xs-30b&#8220; tablets_pt=&#8220;padding-sm-30t&#8220; mobile_pt=&#8220;padding-xs-0t&#8220;][vc_column mobile_mb=&#8220;margin-xs-20b&#8220; offset=&#8220;vc_col-lg-5 vc_col-md-6 vc_col-xs-12&#8243; css=&#8220;.vc_custom_1496828889981{margin-bottom: 0px !important;}&#8220;][vc_single_image image=&#8220;7286&#8243; img_size=&#8220;full&#8220; alignment=&#8220;center&#8220; css=&#8220;.vc_custom_1633792944406{margin-bottom: 0px !important;}&#8220;][\/vc_column][vc_column offset=&#8220;vc_col-lg-7 vc_col-md-6 vc_col-xs-12&#8243;][whizz_custom_text_block title=&#8220;Einfach ich&#8220; subtitle=&#8220;Fotograf, Blogger, Reisender &amp; Familienvater&#8220; btn_text=&#8220;SAY HELLO&#8220; btn_url=&#8220;https:\/\/whizz.foxthemes.me\/contact-me\/&#8220;]<\/p>\n<p style=\"text-align: center;\">Es f\u00e4llt mir immer schwer, \u00fcber mich selbst zu schreiben. Deshalb lasse ich es meistens sein. Die einen w\u00fcrden vielleicht denken, \u201ewas f\u00fcr ein Angeber\u201c, die anderen \u201ewas f\u00fcr ein Prolo\u201c, und viele lesen es sowieso nicht.<\/p>\n<p style=\"text-align: center;\">Wie kam ich zur Fotografie? W\u00e4hrend einer Safari-Reise nach Kenia im Jahr 1999 habe ich es sehr bedauert, keine bessere Kamera dabei zu haben. Das war der Moment, in dem der Wunsch nach besserer Ausr\u00fcstung entstand \u2013 und so kam es, dass ich im Jahr darauf in Thailand eine Nikon F 50 kaufte, die damals mein ganzer Stolz war.<\/p>\n<p style=\"text-align: center;\">Mit den Jahren \u00e4nderte sich nicht nur die Technik, sondern auch mein fotografischer Blick. Heute arbeite ich mit der Sony A7R III und den legend\u00e4ren \u201edrei Heiligen\u201c von Tamron. Zudem habe ich eine Reihe an Festbrennweiten, darunter 14mm, 35mm und 55mm.<\/p>\n<p style=\"text-align: center;\">Wenn du mehr \u00fcber mich erfahren m\u00f6chtest, schreib mir einfach oder schau auf meinem Blog vorbei \u2013 da findest du noch mehr Einblicke in meine Welt der Fotografie.<\/p>\n<p>[\/whizz_custom_text_block][\/vc_column][\/vc_row][vc_row][vc_column][vc_custom_heading text=&#8220;&#8222;Ich mache Bilder, die mehr als nur Momente festhalten \u2013 sie erz\u00e4hlen deine Geschichte. Mein Ziel ist es, Fotos zu schaffen, die dich begeistern und gl\u00fccklich machen. Denn nur wenn du mit den Ergebnissen zufrieden bist, bin ich es auch. Gemeinsam gestalten wir Erinnerungen, die bleiben.&#8222;&#8220; font_container=&#8220;tag:h2|text_align:center&#8220;][\/vc_column][\/vc_row][vc_row][vc_column][vc_zigzag][\/vc_column][\/vc_row][vc_row][vc_column][vc_column_text]<\/p>\n<h1 style=\"text-align: center;\">Meine Ausr\u00fcstung<\/h1>\n<p>[\/vc_column_text][\/vc_column][\/vc_row][vc_row][vc_column][vc_tta_tour][vc_tta_section i_type=&#8220;material&#8220; i_icon_material=&#8220;vc-material vc-material-linked_camera&#8220; add_icon=&#8220;true&#8220; title=&#8220;Kamera&#8220; tab_id=&#8220;1671886671712-8d85d2d9-4896&#8243;][vc_column_text]Die Sony A7R III ist in der Tat eine fantastische Kamera. Der Umstieg von der A7 II hat sich f\u00fcr mich voll ausgezahlt, besonders durch die Vielzahl an neuen Funktionen und Verbesserungen. Die Bildqualit\u00e4t, die hohe Aufl\u00f6sung und die exzellente Performance bei niedrigen Lichtverh\u00e4ltnissen sind nur einige der vielen Vorteile. Aber was f\u00fcr mich wirklich heraussticht, ist der doppelte Kartenslot. Diese Funktion gibt mir ein unglaublich sicheres Gef\u00fchl, da ich direkt beim Fotografieren ein Backup des Bildes mache \u2013 ein echter Vorteil, vor allem bei wichtigen Shootings. Es ist ein kleines, aber entscheidendes Detail, das mich jedes Mal beruhigt und mir die Arbeit erleichtert.[\/vc_column_text][\/vc_tta_section][vc_tta_section i_type=&#8220;material&#8220; i_icon_material=&#8220;vc-material vc-material-camera&#8220; add_icon=&#8220;true&#8220; title=&#8220;Objektive&#8220; tab_id=&#8220;1671886671721-647e27c4-56e6&#8243;][vc_column_text]<strong>Tamron<\/strong><\/p>\n<ul>\n<li>\n<p class=\"mb-0\">17-28mm F\/2.8 Di III RXD<\/p>\n<\/li>\n<li>\n<p class=\"mb-0\">28-75mm F\/2.8 Di III VXD G2<\/p>\n<\/li>\n<li>\n<p class=\"mb-0\">70-180mm F\/2.8 Di III VXD<\/p>\n<\/li>\n<\/ul>\n<p>&nbsp;<\/p>\n<p><strong>Sony<\/strong><\/p>\n<ul>\n<li>\n<p class=\"t6 product-title\">Sonnar\u00ae T* FE 55 mm F1,8 ZA<\/p>\n<\/li>\n<\/ul>\n<p>&nbsp;<\/p>\n<p><strong>Samyang<\/strong><\/p>\n<ul>\n<li>\n<p class=\"t6 product-title\">AF 35 mm f1.4 FE 2<\/p>\n<\/li>\n<li>\n<p class=\"t6 product-title\">AF 14 mm F2.8 FE<\/p>\n<\/li>\n<\/ul>\n<p>[\/vc_column_text][\/vc_tta_section][vc_tta_section i_type=&#8220;material&#8220; i_icon_material=&#8220;vc-material vc-material-camera_front&#8220; add_icon=&#8220;true&#8220; title=&#8220;Stative&#8220; tab_id=&#8220;1671886842752-7e74d983-ba17&#8243;][vc_column_text]<\/p>\n<p id=\"title\" class=\"a-size-large a-spacing-none\"><span id=\"productTitle\" class=\"a-size-large product-title-word-break\">Vanguard Alta Pro 263AB 100<\/span><\/p>\n<p>Leofoto Ranger LS-254C Carbon-Stativ mit LH-30 Kugelkopf\u00a0\u00d7\u00a01<\/p>\n<p>[\/vc_column_text][\/vc_tta_section][vc_tta_section title=&#8220;Zubeh\u00f6r&#8220; tab_id=&#8220;1671886935033-1a17ff00-3488&#8243;][vc_column_text]Mengs L-Winkel<\/p>\n<p>Jaworskji-Filtersteckfiltersystem<\/p>\n<ul>\n<li class=\"product_title entry-title\">Filterhalter f\u00fcr 100x100mm Filtersystem<\/li>\n<li>Rechteck Polfilter<\/li>\n<li>Rechteck ND 1000<\/li>\n<li>Rechteck ND 0,9 Hardverlauf<\/li>\n<li>Rechteck ND 64 Strong<\/li>\n<li>Rechteck ND 16x strong (GND 1,2)<\/li>\n<\/ul>\n<p>[\/vc_column_text][\/vc_tta_section][\/vc_tta_tour][\/vc_column][\/vc_row]<\/p>\n","protected":false},"excerpt":{"rendered":"<p>[vc_row equal_height=&#8220;yes&#8220; desctop_mt=&#8220;margin-lg-40t&#8220; desctop_mb=&#8220;margin-lg-70b&#8220; tablets_mb=&#8220;margin-sm-45b&#8220; mobile_mb=&#8220;margin-xs-30b&#8220; tablets_pt=&#8220;padding-sm-30t&#8220; mobile_pt=&#8220;padding-xs-0t&#8220;][vc_column mobile_mb=&#8220;margin-xs-20b&#8220; offset=&#8220;vc_col-lg-5 vc_col-md-6 vc_col-xs-12&#8243; css=&#8220;.vc_custom_1496828889981{margin-bottom: 0px !important;}&#8220;][vc_single_image image=&#8220;7286&#8243; img_size=&#8220;full&#8220; alignment=&#8220;center&#8220; css=&#8220;.vc_custom_1633792944406{margin-bottom: 0px !important;}&#8220;][\/vc_column][vc_column offset=&#8220;vc_col-lg-7 vc_col-md-6 vc_col-xs-12&#8243;][whizz_custom_text_block title=&#8220;Einfach ich&#8220; subtitle=&#8220;Fotograf, Blogger, Reisender &amp; Familienvater&#8220; btn_text=&#8220;SAY HELLO&#8220; btn_url=&#8220;https:\/\/whizz.foxthemes.me\/contact-me\/&#8220;] Es f\u00e4llt mir immer schwer, \u00fcber mich selbst zu schreiben. Deshalb lasse ich es meistens sein. Die einen w\u00fcrden vielleicht denken, &#8230;<\/p>\n","protected":false},"author":1,"featured_media":0,"parent":0,"menu_order":0,"comment_status":"closed","ping_status":"closed","template":"","meta":{"footnotes":""},"class_list":["post-6993","page","type-page","status-publish","hentry"],"_links":{"self":[{"href":"https:\/\/birnbreier.de\/index.php?rest_route=\/wp\/v2\/pages\/6993","targetHints":{"allow":["GET"]}}],"collection":[{"href":"https:\/\/birnbreier.de\/index.php?rest_route=\/wp\/v2\/pages"}],"about":[{"href":"https:\/\/birnbreier.de\/index.php?rest_route=\/wp\/v2\/types\/page"}],"author":[{"embeddable":true,"href":"https:\/\/birnbreier.de\/index.php?rest_route=\/wp\/v2\/users\/1"}],"replies":[{"embeddable":true,"href":"https:\/\/birnbreier.de\/index.php?rest_route=%2Fwp%2Fv2%2Fcomments&post=6993"}],"version-history":[{"count":21,"href":"https:\/\/birnbreier.de\/index.php?rest_route=\/wp\/v2\/pages\/6993\/revisions"}],"predecessor-version":[{"id":8835,"href":"https:\/\/birnbreier.de\/index.php?rest_route=\/wp\/v2\/pages\/6993\/revisions\/8835"}],"wp:attachment":[{"href":"https:\/\/birnbreier.de\/index.php?rest_route=%2Fwp%2Fv2%2Fmedia&parent=6993"}],"curies":[{"name":"wp","href":"https:\/\/api.w.org\/{rel}","templated":true}]}}

<p>[vc_row equal_height=&#8220;yes&#8220; desctop_mt=&#8220;margin-lg-40t&#8220; desctop_mb=&#8220;margin-lg-70b&#8220; tablets_mb=&#8220;margin-sm-45b&#8220; mobile_mb=&#8220;margin-xs-30b&#8220; tablets_pt=&#8220;padding-sm-30t&#8220; mobile_pt=&#8220;padding-xs-0t&#8220;][vc_column mobile_mb=&#8220;margin-xs-20b&#8220; offset=&#8220;vc_col-lg-5 vc_col-md-6 vc_col-xs-12&#8243; css=&#8220;.vc_custom_1496828889981{margin-bottom: 0px !important;}&#8220;][vc_single_image image=&#8220;7286&#8243; img_size=&#8220;full&#8220; alignment=&#8220;center&#8220; css=&#8220;.vc_custom_1633792944406{margin-bottom: 0px !important;}&#8220;][/vc_column][vc_column offset=&#8220;vc_col-lg-7 vc_col-md-6 vc_col-xs-12&#8243;][whizz_custom_text_block title=&#8220;Einfach ich&#8220; subtitle=&#8220;Fotograf, Blogger, Reisender &amp; Familienvater&#8220; btn_text=&#8220;SAY HELLO&#8220; btn_url=&#8220;https://whizz.foxthemes.me/contact-me/&#8220;]</p>
<p style="text-align: center;">Es fällt mir immer schwer, über mich selbst zu schreiben. Deshalb lasse ich es meistens sein. Die einen würden vielleicht denken, „was für ein Angeber“, die anderen „was für ein Prolo“, und viele lesen es sowieso nicht.</p>
<p style="text-align: center;">Wie kam ich zur Fotografie? Während einer Safari-Reise nach Kenia im Jahr 1999 habe ich es sehr bedauert, keine bessere Kamera dabei zu haben. Das war der Moment, in dem der Wunsch nach besserer Ausrüstung entstand – und so kam es, dass ich im Jahr darauf in Thailand eine Nikon F 50 kaufte, die damals mein ganzer Stolz war.</p>
<p style="text-align: center;">Mit den Jahren änderte sich nicht nur die Technik, sondern auch mein fotografischer Blick. Heute arbeite ich mit der Sony A7R III und den legendären „drei Heiligen“ von Tamron. Zudem habe ich eine Reihe an Festbrennweiten, darunter 14mm, 35mm und 55mm.</p>
<p style="text-align: center;">Wenn du mehr über mich erfahren möchtest, schreib mir einfach oder schau auf meinem Blog vorbei – da findest du noch mehr Einblicke in meine Welt der Fotografie.</p>
<p>[/whizz_custom_text_block][/vc_column][/vc_row][vc_row][vc_column][vc_custom_heading text=&#8220;&#8222;Ich mache Bilder, die mehr als nur Momente festhalten – sie erzählen deine Geschichte. Mein Ziel ist es, Fotos zu schaffen, die dich begeistern und glücklich machen. Denn nur wenn du mit den Ergebnissen zufrieden bist, bin ich es auch. Gemeinsam gestalten wir Erinnerungen, die bleiben.&#8222;&#8220; font_container=&#8220;tag:h2|text_align:center&#8220;][/vc_column][/vc_row][vc_row][vc_column][vc_zigzag][/vc_column][/vc_row][vc_row][vc_column][vc_column_text]</p>
<h1 style="text-align: center;">Meine Ausrüstung</h1>
<p>[/vc_column_text][/vc_column][/vc_row][vc_row][vc_column][vc_tta_tour][vc_tta_section i_type=&#8220;material&#8220; i_icon_material=&#8220;vc-material vc-material-linked_camera&#8220; add_icon=&#8220;true&#8220; title=&#8220;Kamera&#8220; tab_id=&#8220;1671886671712-8d85d2d9-4896&#8243;][vc_column_text]Die Sony A7R III ist in der Tat eine fantastische Kamera. Der Umstieg von der A7 II hat sich für mich voll ausgezahlt, besonders durch die Vielzahl an neuen Funktionen und Verbesserungen. Die Bildqualität, die hohe Auflösung und die exzellente Performance bei niedrigen Lichtverhältnissen sind nur einige der vielen Vorteile. Aber was für mich wirklich heraussticht, ist der doppelte Kartenslot. Diese Funktion gibt mir ein unglaublich sicheres Gefühl, da ich direkt beim Fotografieren ein Backup des Bildes mache – ein echter Vorteil, vor allem bei wichtigen Shootings. Es ist ein kleines, aber entscheidendes Detail, das mich jedes Mal beruhigt und mir die Arbeit erleichtert.[/vc_column_text][/vc_tta_section][vc_tta_section i_type=&#8220;material&#8220; i_icon_material=&#8220;vc-material vc-material-camera&#8220; add_icon=&#8220;true&#8220; title=&#8220;Objektive&#8220; tab_id=&#8220;1671886671721-647e27c4-56e6&#8243;][vc_column_text]<strong>Tamron</strong></p>
<ul>
<li>
<p class="mb-0">17-28mm F/2.8 Di III RXD</p>
</li>
<li>
<p class="mb-0">28-75mm F/2.8 Di III VXD G2</p>
</li>
<li>
<p class="mb-0">70-180mm F/2.8 Di III VXD</p>
</li>
</ul>
<p>&nbsp;</p>
<p><strong>Sony</strong></p>
<ul>
<li>
<p class="t6 product-title">Sonnar® T* FE 55 mm F1,8 ZA</p>
</li>
</ul>
<p>&nbsp;</p>
<p><strong>Samyang</strong></p>
<ul>
<li>
<p class="t6 product-title">AF 35 mm f1.4 FE 2</p>
</li>
<li>
<p class="t6 product-title">AF 14 mm F2.8 FE</p>
</li>
</ul>
<p>[/vc_column_text][/vc_tta_section][vc_tta_section i_type=&#8220;material&#8220; i_icon_material=&#8220;vc-material vc-material-camera_front&#8220; add_icon=&#8220;true&#8220; title=&#8220;Stative&#8220; tab_id=&#8220;1671886842752-7e74d983-ba17&#8243;][vc_column_text]</p>
<p id="title" class="a-size-large a-spacing-none"><span id="productTitle" class="a-size-large product-title-word-break">Vanguard Alta Pro 263AB 100</span></p>
<p>Leofoto Ranger LS-254C Carbon-Stativ mit LH-30 Kugelkopf × 1</p>
<p>[/vc_column_text][/vc_tta_section][vc_tta_section title=&#8220;Zubehör&#8220; tab_id=&#8220;1671886935033-1a17ff00-3488&#8243;][vc_column_text]Mengs L-Winkel</p>
<p>Jaworskji-Filtersteckfiltersystem</p>
<ul>
<li class="product_title entry-title">Filterhalter für 100x100mm Filtersystem</li>
<li>Rechteck Polfilter</li>
<li>Rechteck ND 1000</li>
<li>Rechteck ND 0,9 Hardverlauf</li>
<li>Rechteck ND 64 Strong</li>
<li>Rechteck ND 16x strong (GND 1,2)</li>
</ul>
<p>[/vc_column_text][/vc_tta_section][/vc_tta_tour][/vc_column][/vc_row]</p>

<p>[vc_row equal_height=&#8220;yes&#8220; desctop_mt=&#8220;margin-lg-40t&#8220; desctop_mb=&#8220;margin-lg-70b&#8220; tablets_mb=&#8220;margin-sm-45b&#8220; mobile_mb=&#8220;margin-xs-30b&#8220; tablets_pt=&#8220;padding-sm-30t&#8220; mobile_pt=&#8220;padding-xs-0t&#8220;][vc_column mobile_mb=&#8220;margin-xs-20b&#8220; offset=&#8220;vc_col-lg-5 vc_col-md-6 vc_col-xs-12&#8243; css=&#8220;.vc_custom_1496828889981{margin-bottom: 0px !important;}&#8220;][vc_single_image image=&#8220;7286&#8243; img_size=&#8220;full&#8220; alignment=&#8220;center&#8220; css=&#8220;.vc_custom_1633792944406{margin-bottom: 0px !important;}&#8220;][/vc_column][vc_column offset=&#8220;vc_col-lg-7 vc_col-md-6 vc_col-xs-12&#8243;][whizz_custom_text_block title=&#8220;Einfach ich&#8220; subtitle=&#8220;Fotograf, Blogger, Reisender &amp; Familienvater&#8220; btn_text=&#8220;SAY HELLO&#8220; btn_url=&#8220;https://whizz.foxthemes.me/contact-me/&#8220;] Es fällt mir immer schwer, über mich selbst zu schreiben. Deshalb lasse ich es meistens sein. Die einen würden vielleicht denken, &#8230;</p>
