{"id":8656,"date":"2023-04-01T15:25:11","date_gmt":"2023-04-01T15:25:11","guid":{"rendered":"https:\/\/birnbreier.de\/?page_id=8656"},"modified":"2024-11-10T08:28:09","modified_gmt":"2024-11-10T08:28:09","slug":"favoriten","status":"publish","type":"page","link":"https:\/\/birnbreier.de\/?page_id=8656","title":{"rendered":"Favoriten"},"content":{"rendered":"<p>[vc_row][vc_column][vc_custom_heading text=&#8220;The Artists Favorites&#8220; font_container=&#8220;tag:h2|text_align:center&#8220;][\/vc_column][\/vc_row][vc_row][vc_column][vc_column_text]<\/p>\n<p style=\"text-align: center;\">Hier sind meine pers\u00f6nlichen Favoriten aus meinen eigenen Fotografien \u2013 die Bilder, die f\u00fcr mich einen ganz besonderen Stellenwert haben. In meiner Sammlung gibt es viele Top-Aufnahmen, aber diese stechen besonders hervor und repr\u00e4sentieren das Beste, was ich bisher eingefangen habe.<\/p>\n<p style=\"text-align: center;\">Jedes dieser Bilder erz\u00e4hlt eine eigene Geschichte. Vielleicht ist es das besondere Licht, das nur f\u00fcr einen kurzen Moment perfekt war, oder die Stimmung des Augenblicks, die ich mit der Kamera einfangen konnte. Manche dieser Fotos entstanden bei Reisen, andere sind aus ganz allt\u00e4glichen Situationen entstanden, in denen der Zauber des Moments mich ergriffen hat. Diese Aufnahmen haben f\u00fcr mich nicht nur eine \u00e4sthetische Bedeutung, sondern sind auch Erinnerungen an besondere Erlebnisse, Gef\u00fchle und Orte.<\/p>\n<p style=\"text-align: center;\">Wenn ich auf meine *Best of*-Sammlung schaue, f\u00fchle ich mich dankbar f\u00fcr die Augenblicke, die ich erleben und festhalten durfte.<\/p>\n<p>[\/vc_column_text][\/vc_column][\/vc_row][vc_row full_width=&#8220;stretch_row_content_no_spaces&#8220; kswr_row_top_decor_enabled=&#8220;false&#8220; kswr_row_bottom_decor_enabled=&#8220;false&#8220;][vc_column][whizz_justified_gallery height_row=&#8220;200&#8243; hide_hover=&#8220;&#8220; image_original_size=&#8220;large&#8220; images=&#8220;8631,8439,8399,8339,8319,8281,8295,7986,7984,7999,8001,7866,7764,7538,7522,7528,7523,7479,7469,7471,7436,7431,7312,7134,7126,7097,7066,7063,7061,7054,7041,7036,7024,7016,7026,7018,7019,7017,7007,7010,7015,7004,7003,6968,6960,6964,6952,6822,6818,8722,8721&#8243;][\/vc_column][\/vc_row]<\/p>\n","protected":false},"excerpt":{"rendered":"<p>[vc_row][vc_column][vc_custom_heading text=&#8220;The Artists Favorites&#8220; font_container=&#8220;tag:h2|text_align:center&#8220;][\/vc_column][\/vc_row][vc_row][vc_column][vc_column_text] Hier sind meine pers\u00f6nlichen Favoriten aus meinen eigenen Fotografien \u2013 die Bilder, die f\u00fcr mich einen ganz besonderen Stellenwert haben. In meiner Sammlung gibt es viele Top-Aufnahmen, aber diese stechen besonders hervor und repr\u00e4sentieren das Beste, was ich bisher eingefangen habe. Jedes dieser Bilder erz\u00e4hlt eine eigene Geschichte. Vielleicht ist &#8230;<\/p>\n","protected":false},"author":1,"featured_media":0,"parent":0,"menu_order":0,"comment_status":"closed","ping_status":"closed","template":"","meta":{"footnotes":""},"class_list":["post-8656","page","type-page","status-publish","hentry"],"_links":{"self":[{"href":"https:\/\/birnbreier.de\/index.php?rest_route=\/wp\/v2\/pages\/8656","targetHints":{"allow":["GET"]}}],"collection":[{"href":"https:\/\/birnbreier.de\/index.php?rest_route=\/wp\/v2\/pages"}],"about":[{"href":"https:\/\/birnbreier.de\/index.php?rest_route=\/wp\/v2\/types\/page"}],"author":[{"embeddable":true,"href":"https:\/\/birnbreier.de\/index.php?rest_route=\/wp\/v2\/users\/1"}],"replies":[{"embeddable":true,"href":"https:\/\/birnbreier.de\/index.php?rest_route=%2Fwp%2Fv2%2Fcomments&post=8656"}],"version-history":[{"count":4,"href":"https:\/\/birnbreier.de\/index.php?rest_route=\/wp\/v2\/pages\/8656\/revisions"}],"predecessor-version":[{"id":8806,"href":"https:\/\/birnbreier.de\/index.php?rest_route=\/wp\/v2\/pages\/8656\/revisions\/8806"}],"wp:attachment":[{"href":"https:\/\/birnbreier.de\/index.php?rest_route=%2Fwp%2Fv2%2Fmedia&parent=8656"}],"curies":[{"name":"wp","href":"https:\/\/api.w.org\/{rel}","templated":true}]}}